7 and v?
27
Let c = -367 - -355. Let q be ((-4)/c)/((-3)/(-3366)). Suppose 0 = p + 3*p - 136. Calculate the greatest common factor of p and q.
34
Let x = 65 - 63. Suppose -4*h = -q + 263, x*q - h - 474 = -6*h. What is the highest common divisor of q and 38?
19
Suppose -2717 = -12*x + 2104 + 51. What is the greatest common divisor of 154 and x?
14
Let s(f) = -17*f - 667. Let x be s(-44). Calculate the greatest common divisor of x and 2133.
27
Suppose g - 3*f = 40, f = -3*g + 122 - 22. Suppose 2*a = 4*a + 4*w - g, -2*w = 2*a - 26. What is the highest common divisor of 225 and a?
9
Suppose 8832 + 16723 = c. What is the greatest common divisor of c and 19?
19
Suppose 64 = 4*c + 232. Let w be 1438/6 + (-14)/c. Let n = 13 - -11. Calculate the highest common factor of w and n.
24
Let a be 16401/2*128/192. What is the highest common factor of 11 and a?
11
Suppose 15*j - 104 = -104. Suppose -4*u - 7*g = -6*g - 560, j = 3*g. Let q(t) = -4*t + 4. Let m be q(-4). Calculate the highest common divisor of u and m.
20
Let z be ((-10422)/(-81))/(6/45). Calculate the greatest common divisor of z and 15.
5
Let k = -4161 + 5034. Calculate the greatest common factor of k and 388.
97
Let a be (-1419)/86*((-1216)/12)/4. Calculate the greatest common divisor of a and 988.
38
Suppose 962 + 748 = 5*k. Let y = k - 303. What is the greatest common factor of y and 104?
13
Let n = -4975 + 4981. Let s be 21*1 + 2/(-2). Suppose 3*m = 12, 4*c - 2*m - m = s. Calculate the greatest common factor of c and n.
2
Let t = 1202 - -1059. Suppose 2*i - 233 - t = 0. What is the greatest common factor of 43 and i?
43
Suppose 0 = k - 5*k + 8. Suppose -5 - 35 = -k*i. Let p(j) = 145*j + 600. Let v be p(-4). Calculate the highest common factor of v and i.
20
Let x = 15018 + -12005. Calculate the highest common factor of 655 and x.
131
Let y be (-24)/(-16) - (-2)/4. Suppose -g - 2*h + y = -2*g, -5*h = 4*g - 31. Suppose 15*w = -g*w + 912. What is the highest common factor of 80 and w?
16
Let i be 3 + -1 - (1 - 563). Suppose -3*q + i = 9. Let p = -21341 - -21415. Calculate the highest common factor of q and p.
37
Let b = -166 + 346. Let u be (0 + 4 - 74)*-1. Let q = u + -50. What is the greatest common factor of q and b?
20
Suppose -5*s + 266 = -3*s. Suppose -5*m + 318 = s. Calculate the highest common factor of 333 and m.
37
Suppose 0 = 63*i - 65*i + 18. Suppose -13*k + i*k = -88. Suppose -3*h - 4*u + 42 + 20 = 0, -h + 26 = -4*u. What is the highest common factor of h and k?
22
Let q be ((-224)/(-48)*(-5)/2)/((-2)/6). Let b = -11 - -12. Let t(x) = 36*x**3 - x. Let k be t(b). Calculate the highest common factor of q and k.
35
Suppose -235 = -45*n + 215. Suppose 2*o = -1 + 31. What is the highest common divisor of o and n?
5
Suppose -8*o + 400 = -3*o + 4*x, 5*o - 390 = -6*x. What is the greatest common factor of o and 36?
12
Let s be 2 + (-1050)/462 + (-116823)/(-11). What is the highest common divisor of 36 and s?
36
Let m(v) = -4*v - 7. Let a(t) = -2*t - 3. Suppose -2 - 4 = -3*d. Let y(n) = d*m(n) - 5*a(n). Let h be y(3). Calculate the greatest common factor of 14 and h.
7
Let x be ((-168)/18)/(2 + (-112)/54). Suppose -4*u + 206 = 3*p, -x = -2*p - u + 4*u. Let g = 32 + 1. Calculate the greatest common divisor of p and g.
33
Let b(k) = -89*k + 1. Let z be b(-7). Let n = 145 + -137. Calculate the highest common factor of z and n.
8
Suppose -47*n + 191619 = -22*n - 209781. Calculate the highest common divisor of n and 144.
72
Suppose 2*l = a + 2746, -2*a - 1869 + 7393 = 4*l. Calculate the greatest common factor of 189 and l.
27
Let s(z) = -z**2 - 7*z - 2. Suppose 0 = u - 4*u - 18. Let t be s(u). Let v be -3 + 84/(12/t). What is the greatest common divisor of 10 and v?
5
Let s = -6094 + 6311. What is the highest common factor of s and 28?
7
Let y(d) = -d**3 + 10*d**2 + 245*d - 2381. Let r be y(10). What is the greatest common divisor of r and 8?
1
Let k = 1920 - 809. Suppose 7*y + 376 = k. What is the greatest common divisor of y and 140?
35
Let t(j) = -2*j**3 - 14*j**2 - 37*j - 6. Let q be t(-7). Calculate the highest common factor of q and 176.
11
Let t = -654 + 624. Suppose 3*h = -0 + 126. Let v be (t/7)/((-2)/h). Calculate the greatest common factor of 9 and v.
9
Let j(p) = p**3 + 5*p**2 - 20*p + 61. Let a be j(-8). Calculate the greatest common divisor of a and 6902.
29
Let k(q) = -q + 7. Let w be k(4). Suppose -3*h + 6*h = -w*o + 99, 3*h = 15. Calculate the highest common divisor of 56 and o.
28
Let l = -17338 - -20257. What is the highest common factor of 63 and l?
21
Let v be (-81 - (-12 + -3))*((-21)/(-6) + -4). Let x(h) = h**3 - h**2 - 3*h - 1. Let z be x(3). Let i = z - 5. What is the greatest common factor of i and v?
3
Let c be 1/(8/12)*40/(-6). Let i be 4*(-81)/(-18)*c/(-4). Let t(d) = -d**2 + 12*d - 17. Let q be t(8). Calculate the greatest common factor of i and q.
15
Suppose z + 3*q = 142, 2*q - 560 = -5*z + 137. Let n = z + -87. Let m = -42 + n. Calculate the greatest common divisor of m and 90.
10
Suppose -48*t = -59*t + 572. What is the greatest common divisor of 1248 and t?
52
Suppose 0 = -5*c + 9*c - 216. Let o be 45/10*312/c. What is the highest common factor of o and 182?
26
Let q(c) = -23*c + 4. Let h be q(-3). Suppose 6*p + h = -71. Let z be p*(-4)/24*3. What is the highest common factor of 6 and z?
6
Suppose 2*q - 22 = -4*c, -24*q = -26*q - 2*c + 20. Suppose 0 = 4*j - 9*j + 1215. Calculate the highest common factor of q and j.
9
Let u = 1034 - 470. Let l(t) = -t**3 + 91*t**2 - 491*t - 1603. Let m be l(85). What is the highest common factor of m and u?
12
Suppose -5*b - 2*d + 5910 = 0, 3*d - 471 = -b + 698. What is the highest common factor of 16 and b?
16
Let x be (-20)/(42/18 + -3). What is the greatest common divisor of x and 375?
15
Let v = -236 + 238. Let t = 1 - -3. Suppose -o - 40 = -6*o + w, t*o + v*w - 32 = 0. What is the highest common factor of 8 and o?
8
Let v = 402510 + -402375. Let r(q) = 25*q**2 - 4*q - 3. Let t be r(-2). Calculate the greatest common divisor of t and v.
15
Suppose 4*o = 6*n - 5*n + 36, -75 = 5*n + o. Let r be n/(-72) - (-3 - (-518)/(-18)). Calculate the highest common divisor of r and 256.
32
Suppose -40*f + 4080 = -3960. What is the highest common factor of f and 1072?
67
Suppose -3*t - w + 1486 = t, 4*t - 1496 = 4*w. Calculate the greatest common factor of t and 1612.
124
Let t(f) = f**3 + 21*f**2 + 40*f + 30. Let b be t(-19). Let s be 1/(-2) + (-164)/b. Calculate the greatest common factor of s and 20.
20
Let v(n) = 9*n**2 - 9*n - 88. Let c be v(8). Calculate the greatest common divisor of 1768 and c.
104
Let n = 7762 - 7698. What is the highest common divisor of 4416 and n?
64
Suppose -26761 = -g - 509*h + 512*h, 0 = 5*g + 6*h - 133742. Calculate the highest common divisor of g and 11.
11
Let m = -46 + 45. Let k be (2 + -8)*m - (-5 + 7). Calculate the highest common factor of k and 5.
1
Let q(b) = -18*b + 78. Let m be q(4). Suppose 99 = -m*k + 369. Calculate the greatest common divisor of 495 and k.
45
Suppose 28 = 2*n - 3*x, -11 = 5*x - 21. Let a = -64 - 23. Let c = a - -172. Calculate the greatest common divisor of n and c.
17
Let m be 6*(-33)/(-9) + 5. Let l be (-1 - -1) + -5 + (316 - 68). Calculate the greatest common divisor of l and m.
27
Suppose -d - 5*h = -3537, -89 + 95 = 2*h. What is the highest common factor of 24 and d?
6
Let y = 177 + -258. Let k = y - -169. What is the highest common divisor of k and 220?
44
Let i be 4/(-20) + 63/15. Let r be 6*5/i*4. Suppose 454 = 5*j - l, -2*j + 26 = 5*l - 134. What is the highest common factor of r and j?
30
Let p(j) = -j - 12 - 5 + 22 - 9. Let q be p(-8). Suppose 0 = 4*z - q*h - 72 - 280, -2*z + 4*h = -182. What is the highest common divisor of z and 17?
17
Let l = 12 - 15. Let o be -2 - (-3 - -4)*5. Let z = l - o. Calculate the greatest common factor of 36 and z.
4
Suppose 8*f = 5945 + 32799. Suppose -17*s + f + 1889 = 0. What is the highest common divisor of s and 18?
18
Let p(u) = 43*u + 691. Let s be p(-14). Let w be ((-1 - -1) + -13)*-7. Suppose -s*t = -w*t + 80. What is the highest common divisor of t and 30?
10
Suppose 34*c - 35*c + 5*u + 5 = 0, -4*u + 23 = c. Calculate the greatest common factor of c and 55.
5
Let k(g) = g**2 - 2*g + 1. Let j be k(3). Let p(l) = 4 - 6*l**